
Let z(x) = -15*x + 7*x + x**2 - 9*x - 6. Let w be z(-13). Suppose -w = -2*y + 5*v, 3 - 1 = v. What are the prime factors of y?
197
Let t = -39027 + 60638. List the prime factors of t.
21611
Let f be 1/(-2) - (-375)/6. Suppose 67*r - f*r = -195. List the prime factors of r*((-16)/6 + 2).
2, 13
Let g = 6382 - 678. List the prime factors of g.
2, 23, 31
Suppose -15*a - 261717 = -104*a + 21481. List the prime factors of a.
2, 37, 43
Let n be 390/65*(1 + 1 - 0). Suppose -n = a - 40. List the prime factors of a.
2, 7
Let x be 3/(-9) - (3 + (-112)/12). Suppose x*f - 212 = 5*f. Suppose -124 = -v + 2*b, -2*v - 2*b - 3*b + f = 0. List the prime factors of v.
2, 29
Let u(d) = 5*d**2 + 15*d - 5. Let m be u(15). Let b = m - 766. Suppose -b = -7*k - 89. List the prime factors of k.
2, 5, 7
Let u be -650*(20/(-8))/5. Let n = u + -82. Suppose -2*c + c - q = -n, 0 = 4*c - 2*q - 942. What are the prime factors of c?
2, 7, 17
Let o(g) = -g**2 - 14*g - 739. Let x be o(0). Let v = -259 - x. What are the prime factors of v?
2, 3, 5
Let p(f) be the first derivative of -f**4/4 + 3*f**3 + 7*f**2/2 + 66*f + 179. List the prime factors of p(10).
2, 3
Let b = 863 + -371. Suppose -3*q - b = -3*f, 160 = f - 5*q - 0. What are the prime factors of f?
3, 5, 11
Suppose -483 = 3*t - c, -4*c = -4*t - 154 - 498. Let q = 523 - t. What are the prime factors of q?
683
Let o = 488 + -484. Suppose 19*r - 15270 = o*r. What are the prime factors of r?
2, 509
Let r be (46 + 0)/((-24)/(-1752)). Suppose -11*o + 6773 = -r. List the prime factors of o.
3, 307
Let x = 93187 + -40270. What are the prime factors of x?
3, 31, 569
Suppose 7 = 5*f - 18. Suppose 5*o = 3*o - 2*c + 1086, -f*o + 2*c = -2722. What are the prime factors of o/30 - (-8)/(-60)?
2, 3
List the prime factors of -2*((-1928)/16 - -19).
7, 29
What are the prime factors of -2*2349*(((-2)/4 - 5) + 3)?
3, 5, 29
Suppose 6*y = 4*y + 604. Suppose -3*k + 169 + y = 0. Suppose 2*u + p = k, -3*u + u + 177 = -3*p. List the prime factors of u.
3
Let h = 199 - 119. Let v = 84 - h. Suppose 0 = -0*q + 3*q + v*p - 30, -3*p = 9. List the prime factors of q.
2, 7
Suppose 2*w - q = 24670, -w + 5451 = q - 6884. List the prime factors of w.
5, 2467
Suppose -24 - 44 = -4*i. Suppose 4*a = -3*r + i, 4*r + 11*a - 7*a - 24 = 0. Suppose r*w = 3*w + 816. What are the prime factors of w?
2, 3, 17
Suppose 2 = x, -3*k + 4*x + 12 = x. Let b(c) = 2*c**3 - 3*c**2 - 5*c + 2. List the prime factors of b(k).
2, 37
List the prime factors of (3 - (-52)/(-16)) + 2278349/148.
2, 43, 179
Let p(c) = 19 + 13 + 24*c - 6 + 6. Let l be p(7). Let f = 300 - l. List the prime factors of f.
2, 5
Let x(g) = -g**3 + 9*g**2 - 5*g - 19. Let k be x(8). Suppose -41*u = -42*u + k. Suppose u*l + 8*l - 2171 = 0. What are the prime factors of l?
167
Suppose -452 = 3*k - 2681. Suppose -5*x - 118 = -k. What are the prime factors of x?
5
Let k(p) be the second derivative of -6*p**2 - 15*p + 0 + 4/3*p**3 - 5/6*p**4 + 1/20*p**5. What are the prime factors of k(10)?
2, 17
Let z = 45 + -67. Let d(t) = t + 29. Let l be d(z). Suppose l*u - 209 - 15 = 0. List the prime factors of u.
2
List the prime factors of ((-70)/90 - -1) + (-38354)/(-18) + 2.
3, 79
Let k = 27 - 25. Suppose -219 = -v - 4*b, k*v - 453 = -4*b + b. List the prime factors of v.
3, 7, 11
Let k = 207 + -205. Suppose -k*t + 267 + 1085 = 0. List the prime factors of t.
2, 13
Suppose 153 = 5*h - 4*h - 5*b, 5*b - 559 = -3*h. Let x = -147 + h. What are the prime factors of x?
31
Let r(u) = -4*u - 5. Let i be r(-4). Suppose -i*z = -9*z + 350. Let t = z - -319. What are the prime factors of t?
2, 3
Suppose 0 = -5*w + 13*w. Suppose -3*r + 4*n - 1 + 9 = 0, n = 4*r - 15. Suppose 5*g + q + r*q - 70 = w, g - q - 24 = 0. List the prime factors of g.
19
Let q(k) = -k**3 + 8*k**2 + 4*k - 14. Let v be q(8). Let m(i) = -55*i - v + 2 + 70*i. What are the prime factors of m(4)?
2, 11
Let t(w) = -8358*w + 747. What are the prime factors of t(-1)?
3, 5, 607
Let a be 1*(-10)/5*5/(-2). Suppose 4*n + a*k = 4*k + 153, -151 = -4*n + k. What are the prime factors of n?
2, 19
Suppose y + 2*y = 5*b - 21, -2*b = -4*y - 14. Suppose -b*s = -7*s + 1532. List the prime factors of s.
383
Suppose -12*n - 2*u + 16844 = -9*n, 2*u = 2*n - 11236. List the prime factors of n.
2, 3, 13
Suppose 43*a - 1311112 = -45*a. List the prime factors of a.
47, 317
Let i be 675 + (0 - (-12)/(-3)). Suppose 2*o + 4*a + 387 = -o, -2*a = -5*o - i. Let x = o + 163. What are the prime factors of x?
2, 3, 5
Let h(a) = a**2 - 82*a + 35. What are the prime factors of h(-39)?
2, 2377
Suppose 43*z - 40*z = -2*b + 3318, 2*z - 1658 = -b. Let v = -820 + b. List the prime factors of v.
2, 421
Let u = 4037 + 578. What are the prime factors of u?
5, 13, 71
List the prime factors of ((-400070)/(-330))/((-1)/(-9)).
3, 3637
Suppose -3*q - 6864 = -41307. List the prime factors of q.
3, 43, 89
What are the prime factors of 25/(250/(-63120))*(6/(-8) - 0)?
2, 3, 263
Let q(l) = -2*l**2 - 13*l - 12. Let u be q(-5). Let j be u/((-78)/27 - -3). Let o = j - -29. List the prime factors of o.
2, 7
Let h = 601 + -401. Let t be (h/(-3))/((-7)/21). Suppose -2*d + t = -172. What are the prime factors of d?
2, 3, 31
Let a(o) = -o**3 + 29*o**2 + 73*o + 39. Let r be (-5 - -6)/((-3)/(-93)). List the prime factors of a(r).
2, 5, 19
Let t(i) = i**3 + 26*i**2 + 30*i - 77. What are the prime factors of t(-16)?
2003
Suppose -4*t - 4*r + 28 = 0, -4*r + 11 = -2*t - r. Suppose 0 = -0*m - 3*m + 9. Suppose 43 = k - 5*h, -m*k - t*h = k - 128. List the prime factors of k.
3, 11
Let b(o) = o**2 + 12*o - 27. Let q be b(-14). Let s be (q - (-4)/12)*423/6. Suppose 0 = -3*v + 272 + s. List the prime factors of v.
2, 61
Let i(p) = -3*p**2 - 21*p + 5. Let u be i(-7). Suppose -17*c = -u*c - 10740. List the prime factors of c.
5, 179
Let k = -11565 + 17167. What are the prime factors of k?
2, 2801
Suppose 325 = 4*a - 475. Suppose a = 2*g - 4*b + 6*b, -3*g = 4*b - 301. What are the prime factors of g?
3, 11
Let y(p) = 163*p**3 - 6*p**2 + 9*p - 15. List the prime factors of y(4).
10357
Let r(z) = 3*z**3 - 34*z**2 - 15*z + 3. Let t(n) = -n**3 - 6*n**2 + 15*n + 4. Let u be t(-8). What are the prime factors of r(u)?
3, 37
Let f(c) = -319*c**2 - 4*c - 4. Let w be f(-1). What are the prime factors of (-5)/(-160)*8 + w/(-4)?
2, 5
Let t(u) = -7*u - 25. Let a be t(-6). Let k = a - 4. Suppose -4*y + 23 + k = 0. List the prime factors of y.
3
Suppose -1 = -13*a + 25. Suppose 75 = 5*y - 5*j, 2*y + 3*y - 75 = -a*j. Suppose -18*d + y*d + 687 = 0. What are the prime factors of d?
229
Let x(n) = -36*n - 190. Suppose 3*g - 5 = -107. List the prime factors of x(g).
2, 11, 47
Let y(m) = -39*m**3 + 6*m**2 - 33*m - 44. List the prime factors of y(-10).
2, 7, 11, 37
Let m(z) = 11*z**2 + 8*z + 488. What are the prime factors of m(-18)?
2, 977
Let c(s) = 2 + 44*s**2 - 233*s**2 - 198*s**2 + 4*s. Let w be c(-1). List the prime factors of 10/50 + w/(-5).
2, 3, 13
Let y(l) be the third derivative of -l**6/8 - l**5/12 - l**4/8 + 5*l**3/6 + 10*l**2 - 3*l. List the prime factors of y(-3).
2, 11, 17
Suppose -4*l = -5*h - 14 - 18, 4*l + h - 8 = 0. Suppose 0 = 5*u - l*b + 37 - 462, -5*u - 3*b = -395. List the prime factors of u.
2, 41
Let r(i) = 143*i - 69. Let y be r(9). Suppose y = -9*b + 4953. What are the prime factors of b?
5, 83
Let q(r) = -r + 2. Let p be q(2). Suppose p = -8*u + 6*u + 838. List the prime factors of u.
419
Suppose 8*n = 76108 + 72252. List the prime factors of n.
5, 3709
Let o be 0 - 0*4/(-16). Let s(w) = -w**3 - 10. Let i be s(o). List the prime factors of (4/(-5))/(i/175).
2, 7
Let l be (36 - 37)/(1 + 0). What are the prime factors of ((-40)/160)/(l/188)?
47
Suppose 3*m - 4*u = 26807, -2*u = -30*m + 29*m + 8939. List the prime factors of m.
8929
List the prime factors of -2*6/(-20) - 33/((-1155)/721399).
2, 5153
Let j(y) = 102*y**2 + 16*y - 18. What are the prime factors of j(-7)?
2, 1217
Let t(x) = x + 23. Let m be t(-18). Let o be 2/m + 15/25 + -3. What are the prime factors of 1132*(-6)/(-48) + (-1)/o?
2, 71
Let a = -15346 - -26293. What are the prime factors of a?
3, 41, 89
Suppose 0 = 4*v - 4*o + 16, -v - 2*o = o - 16. Let l be (218/4)/(v/(-8)*4). Let x = l - -220. List the prime factors of x.
3, 37
Let d(f) = 6*f**3 - f**2 - 3*f. Let n be d(4